e 3*z + 3*w + 3 = 5*w, w = 2*z + 3. Let o be 1/(z + 543/180). What is the highest common divisor of o and 24?
12
Suppose 0 = 5*u - 30 + 10. Let d = u - 1. What is the highest common divisor of d and 3?
3
Suppose -3*w + 88 = 2*k - 0*w, 3*k - 132 = 3*w. What is the highest common divisor of 11 and k?
11
Suppose -4*l + 50 + 30 = 0. Suppose -l = 4*z, 2*z + 40 = 2*t - 2*z. Calculate the greatest common divisor of t and 20.
10
Let p be 12 - 0/(-4 - -2). Let y = p - 5. Suppose 6*z - 4*z + 4*v = 40, -4*v - 72 = -2*z. Calculate the highest common factor of z and y.
7
Let v = -73 - -86. What is the greatest common factor of 52 and v?
13
Let v(t) = 0*t - t + 4 + 0 + t**2. Let y be v(4). Let n be 2/((11/12)/11). What is the highest common divisor of y and n?
8
Let y = 372 - 246. Suppose 0 = -2*l + 3*l - 14. Calculate the greatest common factor of l and y.
14
Let h be (35/7 + -6)/(1/(-52)). Calculate the greatest common factor of 39 and h.
13
Let p be 8/5*(-55)/(-22). Suppose -6*f = -9*f + 18. What is the greatest common factor of p and f?
2
Let f = 37 - 20. What is the highest common factor of f and 17?
17
Suppose 0*f - 40 = -4*f. Let m = f - 6. Let y = 8 - -36. What is the highest common factor of m and y?
4
Let b(d) = d**2 + 16*d - 35. Let f be b(-19). Calculate the greatest common factor of 154 and f.
22
Suppose -2*d = 10, v + 0*d + 5*d + 11 = 0. What is the greatest common divisor of 14 and v?
14
Let x(i) = 6*i**3 + i**2 - i + 1. Let w be x(1). What is the greatest common factor of 35 and w?
7
Let r be (4*(3 + -4))/(-1). Suppose r*x = -15 + 51. Calculate the greatest common divisor of 1 and x.
1
Suppose 0 = l - 2 - 3. Suppose y - 78 = 4*r, 5*y - l*r = -r + 358. Calculate the highest common divisor of 28 and y.
14
Suppose -5*v + 2*i = -2, 4*i - 16 = 2*v - i. Suppose -83 = -v*c + 67. Calculate the highest common divisor of c and 30.
15
Let z = -127 + 64. Let w = z - -93. Calculate the highest common divisor of w and 20.
10
Let f = 3 - 2. Let l be (1/(-3))/(f/(-9)). Let o(s) = s**3 - s**2 - 2*s + 3. Let j be o(2). Calculate the highest common divisor of l and j.
3
Let v = -132 - -186. What is the highest common factor of v and 135?
27
Let v = -224 + 145. Let y = v + 114. Calculate the greatest common divisor of 7 and y.
7
Suppose 0 = -3*m + 4*m - 4. Let j be (-50)/4*m/(-5). Let a be 91 + 2 + -3 + 0. What is the highest common divisor of a and j?
10
Suppose x + 2*x = -24. Let r = 2 - x. Calculate the greatest common divisor of 15 and r.
5
Let h(y) = y + 15. Let z be h(-12). Let g be (7/((-21)/18))/(-2). What is the highest common divisor of g and z?
3
Let k be (10/25)/(3/450). Calculate the greatest common divisor of 20 and k.
20
Let r be 4 - (-4 + -12 - -2). Calculate the highest common divisor of 144 and r.
18
Suppose 4 - 6 = -p. Let c be (-39)/(-6)*(p + 0). Let r = c - -27. What is the greatest common divisor of 60 and r?
20
Let g(t) = 15*t + 7. Let u be g(3). Calculate the greatest common factor of u and 4.
4
Let o be 2/7 - 183/(-21). What is the highest common divisor of o and 63?
9
Let b = 3 - 0. Let y be 400 - 3/(3/2). Suppose 0 = -n - b*i + 126, 0 = -6*n + 3*n + i + y. Calculate the greatest common factor of n and 12.
12
Let a be (6/4)/(7/(-56)). Let q = -7 - a. Suppose q*s - 299 = 2*u + 171, -s - 2*u = -106. What is the greatest common factor of s and 12?
12
Let h be 2/(-8) + (-296)/(-32). Calculate the highest common divisor of h and 1.
1
Suppose 0 = -7*d + 3*d + 4. Calculate the highest common factor of 2 and d.
1
Suppose -3*c - 4*h + 154 = -72, -2*c + 2*h + 132 = 0. Calculate the highest common factor of 14 and c.
14
Let l = -3 - -6. Suppose l*y - 19 = 5*x, 3*y - 3*x - 14 = 1. Suppose y*p + 0 = 9. Calculate the highest common divisor of p and 21.
3
Suppose 5*w - 19 = 26. What is the highest common factor of 27 and w?
9
Let v = 7 + -4. Let a be 2/v - (-32)/6. Suppose -a*j + 252 = -2*j. What is the highest common factor of j and 7?
7
Let s(q) = 5*q - 6 + 6 - q**2 - 2. Let l be s(3). What is the highest common factor of l and 16?
4
Let z = -27 + 43. Calculate the greatest common factor of z and 128.
16
Let d = -392 - -396. Let v be (10/(-8))/(1/(-8)). What is the highest common factor of d and v?
2
Suppose 571 + 65 = -2*i. Let z = -175 - i. What is the highest common divisor of 13 and z?
13
Let j(n) = -2*n + 11. Let f be j(-26). Calculate the greatest common divisor of f and 21.
21
Let c = 7 - 5. Suppose -5*m = -f + 39, -3*f + 90 = c*f - 4*m. Calculate the highest common factor of 42 and f.
14
Suppose 0 = 3*k - 5*k + 32. What is the highest common divisor of 80 and k?
16
Let c = -41 - -77. What is the highest common divisor of c and 4?
4
Suppose 7*o = 2*o + 10. Suppose m - 6 = -o. Suppose -14 - 10 = -3*r. What is the greatest common factor of m and r?
4
Let v(q) = -q**2 + 3*q + 13. Let c be v(-11). Let a = 267 + c. Let f be 1/(-3) + 43/3. Calculate the greatest common divisor of f and a.
14
Let f = -145 - -214. Suppose 0 = -8*l + 82 + 102. What is the greatest common factor of f and l?
23
Let j(n) = n**3 + 2*n**2 - n - 1. Let q be j(-2). Suppose -3*z - 2 = -5. What is the greatest common factor of z and q?
1
Suppose 5*c = c + 40. What is the highest common divisor of 110 and c?
10
Suppose -5*y - 2*i + 46 = 0, 5*y - 2*y - 2*i - 18 = 0. Suppose 4*p - 5*w + 6 = 0, 4*p + 2 = -0*p + 3*w. What is the highest common factor of y and p?
1
Let i be 3/(-4) + (-781)/(-44). What is the highest common divisor of 153 and i?
17
Let u(l) = l**2 - 20*l + 21. Let m be u(19). Let r be (1 - (-2)/(-2))/1. Let d be 1 + 2/m + r. Calculate the greatest common divisor of d and 2.
2
Let n = 2 - 0. Let c = 2 + n. Suppose 0*a - c*a - o = -51, -5*o = -15. Calculate the highest common divisor of 48 and a.
12
Let z(j) = -j**3 - 5*j**2 - 6. Let v be z(-5). Let t = v + 14. Calculate the greatest common factor of 4 and t.
4
Let z = -6 - -8. Let l be (2 + z)/((-5)/(-20)). What is the highest common factor of 144 and l?
16
Suppose -t + 5*d - 5 = -31, t - 4*d = 24. What is the greatest common divisor of 32 and t?
16
Let c be (1 - 4/1) + 17. What is the greatest common factor of c and 14?
14
Let l = 202 + -139. What is the greatest common divisor of 9 and l?
9
Let v(t) = t**2 - 7*t - 9. Let a be v(9). What is the greatest common factor of a and 18?
9
Let b = 8 + -5. Suppose 0 = -3*d - 2*d + b*a + 110, 0 = -2*d - 5*a + 75. Calculate the highest common factor of d and 25.
25
Let u = 231 - 225. Suppose 0*o - o = -4. What is the greatest common divisor of o and u?
2
Let a(h) = h. Let t be a(2). Let s = t + -2. Suppose 2*z + s*z - 56 = 0. What is the greatest common factor of 7 and z?
7
Let k(c) = -c - 10. Let p be k(-7). Let b be -3 + (-24)/(-4) - 4. Let h be (p/(-12))/(b/(-8)). Calculate the highest common divisor of 10 and h.
2
Suppose 3*l + n - 463 = 294, 0 = l - n - 259. Let x be l/8 + 3/12. Calculate the greatest common divisor of 80 and x.
16
Let o = -34 - -88. Let c = 104 + -68. Calculate the greatest common divisor of c and o.
18
Suppose -4*i - 4*s + 68 = 0, -4*s = -0*i + 2*i - 42. What is the greatest common factor of i and 91?
13
Let u = 15 + -12. Suppose -u*y + 27 = -2*y. What is the greatest common divisor of y and 135?
27
Suppose 0 = -5*t + c + 15, -4*t + c = -2*t - 9. What is the highest common factor of 4 and t?
2
Suppose -7*u + 3*u = 0. Suppose 0 = -2*i - u*i + 18. Calculate the greatest common factor of i and 6.
3
Suppose -3*i + 2*o = -20, -3*i + 3*o = i - 27. What is the greatest common factor of i and 24?
6
Let v(n) = -n**3 - 8*n**2 + 9*n + 4. Let y be v(-9). Suppose 0 = 6*h - 2*h - 2*k - 278, -k + 293 = y*h. Calculate the highest common factor of 9 and h.
9
Suppose 3*k + u - 314 = 0, 262 + 160 = 4*k + 3*u. Calculate the highest common factor of 8 and k.
8
Let a(l) = -l**2 + 8*l - 5. Let y be a(5). What is the greatest common divisor of 4 and y?
2
Let a(p) = p**3 + 2*p**2 - 2*p - 1. Let q = 6 + -4. Let k be a(q). What is the highest common factor of 55 and k?
11
Let o = 7 + -8. Let n(w) = -71*w - 1. Let k(a) = 142*a + 2. Let g(p) = 3*k(p) + 7*n(p). Let t be g(o). What is the highest common divisor of t and 28?
14
Let j = -42 + 102. Suppose 60 = -5*q - g, 0 = 5*g - 0*g. Let t be 94/8 + (-3)/q. Calculate the greatest common divisor of t and j.
12
Let d(n) = -3*n**3 +